{"id":86,"date":"2012-01-25T11:07:55","date_gmt":"2012-01-25T10:07:55","guid":{"rendered":"http:\/\/localhost\/wordpress\/?page_id=86"},"modified":"2025-06-02T16:07:53","modified_gmt":"2025-06-02T14:07:53","slug":"recherche-utilitaire","status":"publish","type":"page","link":"https:\/\/www.club-lorient-queven-sport-canin.fr\/?page_id=86","title":{"rendered":"Recherche utilitaire"},"content":{"rendered":"\t\t<div data-elementor-type=\"wp-post\" data-elementor-id=\"86\" class=\"elementor elementor-86\" data-elementor-settings=\"[]\">\n\t\t\t\t\t\t<div class=\"elementor-inner\">\n\t\t\t\t\t\t\t<div class=\"elementor-section-wrap\">\n\t\t\t\t\t\t\t<section class=\"elementor-section elementor-top-section elementor-element elementor-element-66e0fdff elementor-section-boxed elementor-section-height-default elementor-section-height-default\" data-id=\"66e0fdff\" data-element_type=\"section\">\n\t\t\t\t\t\t<div class=\"elementor-container elementor-column-gap-default\">\n\t\t\t\t\t\t\t<div class=\"elementor-row\">\n\t\t\t\t\t<div class=\"elementor-column elementor-col-100 elementor-top-column elementor-element elementor-element-77a828eb\" data-id=\"77a828eb\" data-element_type=\"column\">\n\t\t\t<div class=\"elementor-column-wrap elementor-element-populated\">\n\t\t\t\t\t\t\t<div class=\"elementor-widget-wrap\">\n\t\t\t\t\t\t<div class=\"elementor-element elementor-element-73899910 elementor-widget elementor-widget-text-editor\" data-id=\"73899910\" data-element_type=\"widget\" data-widget_type=\"text-editor.default\">\n\t\t\t\t<div class=\"elementor-widget-container\">\n\t\t\t\t\t<div class=\"elementor-text-editor elementor-clearfix\"><h1>La Recherche Utilitaire<\/h1><p>Discipline dont l&rsquo;objectif est de retrouver une personne \u00e9gar\u00e9e en utilisant les qualit\u00e9s olfactives des chiens dans toutes les conditions, de terrains, m\u00e9t\u00e9orologiques, atmosph\u00e9riques.<br \/>L&rsquo;\u00e9quipe ma\u00eetre et chien recueillera quelques indications d&rsquo;un t\u00e9moin \u00e0 l&rsquo;endroit suppos\u00e9 de la disparition, un v\u00eatement appartenant \u00e0 la personne \u00ab\u00a0disparue\u00a0\u00bb lui sera confi\u00e9.<br \/>La distance parcourue (700 \u00e0 \u00a02000 m) et l&rsquo;anciennet\u00e9 (1h30 \u00e0 4h) du parcours seront progressives suivant le niveau du chien.<\/p><\/div>\n\t\t\t\t<\/div>\n\t\t\t\t<\/div>\n\t\t\t\t\t\t<\/div>\n\t\t\t\t\t<\/div>\n\t\t<\/div>\n\t\t\t\t\t\t\t\t<\/div>\n\t\t\t\t\t<\/div>\n\t\t<\/section>\n\t\t\t\t<section class=\"elementor-section elementor-top-section elementor-element elementor-element-a51b07d elementor-section-boxed elementor-section-height-default elementor-section-height-default\" data-id=\"a51b07d\" data-element_type=\"section\">\n\t\t\t\t\t\t<div class=\"elementor-container elementor-column-gap-default\">\n\t\t\t\t\t\t\t<div class=\"elementor-row\">\n\t\t\t\t\t<div class=\"elementor-column elementor-col-50 elementor-top-column elementor-element elementor-element-98d4ab9\" data-id=\"98d4ab9\" data-element_type=\"column\">\n\t\t\t<div class=\"elementor-column-wrap elementor-element-populated\">\n\t\t\t\t\t\t\t<div class=\"elementor-widget-wrap\">\n\t\t\t\t\t\t<div class=\"elementor-element elementor-element-6a231a7 elementor-widget elementor-widget-text-editor\" data-id=\"6a231a7\" data-element_type=\"widget\" data-widget_type=\"text-editor.default\">\n\t\t\t\t<div class=\"elementor-widget-container\">\n\t\t\t\t\t<div class=\"elementor-text-editor elementor-clearfix\"><p>\u00a0<\/p><p>Pour plus d&rsquo;informations sur la discipline, le calendrier des concours rendez-vours sur le site du <\/p><p><strong><em>GT Recherche Utilitaire<\/em><\/strong> :<\/p><p><a href=\"https:\/\/www.centrale-canine.fr\/cuncbg-gt-recherche-utilitaire\" target=\"_blank\" rel=\"noopener\"><img decoding=\"async\" class=\"ng-scope\" src=\"https:\/\/www.centrale-canine.fr\/sites\/default\/files\/logos\/Logo-CUN-R.jpg\" alt=\" aller \u00e0 l'accueil\" \/><\/a><\/p><p>\u00a0<\/p><\/div>\n\t\t\t\t<\/div>\n\t\t\t\t<\/div>\n\t\t\t\t\t\t<\/div>\n\t\t\t\t\t<\/div>\n\t\t<\/div>\n\t\t\t\t<div class=\"elementor-column elementor-col-50 elementor-top-column elementor-element elementor-element-7293354\" data-id=\"7293354\" data-element_type=\"column\">\n\t\t\t<div class=\"elementor-column-wrap elementor-element-populated\">\n\t\t\t\t\t\t\t<div class=\"elementor-widget-wrap\">\n\t\t\t\t\t\t<div class=\"elementor-element elementor-element-023c1fe elementor-widget elementor-widget-wp-widget-alxposts\" data-id=\"023c1fe\" data-element_type=\"widget\" data-widget_type=\"wp-widget-alxposts.default\">\n\t\t\t\t<div class=\"elementor-widget-container\">\n\t\t\t\n<h5><\/h5>\r\n\t\r\n\t<ul class=\"alx-posts group thumbs-enabled\">\r\n    \t\t\t\t<li>\r\n\r\n\t\t\t\t\t\t<div class=\"post-item-thumbnail\">\r\n\t\t\t\t<a href=\"https:\/\/www.club-lorient-queven-sport-canin.fr\/?p=9261\">\r\n\t\t\t\t\t<img loading=\"lazy\" decoding=\"async\" width=\"520\" height=\"245\" src=\"https:\/\/www.club-lorient-queven-sport-canin.fr\/wp-content\/uploads\/2022\/07\/P1330681-Copy-Copy-520x245.jpg\" class=\"attachment-thumb-medium size-thumb-medium wp-post-image\" alt=\"\" \/>\t\t\t\t\t\t\t\t\t\t\t\t\t\t\t\t\t\t\t<\/a>\r\n\t\t\t<\/div>\r\n\t\t\t\r\n\t\t\t<div class=\"post-item-inner group\">\r\n\t\t\t\t<p class=\"post-item-category\"><a href=\"https:\/\/www.club-lorient-queven-sport-canin.fr\/?cat=6\" rel=\"category\">Nos concours<\/a> \/ <a href=\"https:\/\/www.club-lorient-queven-sport-canin.fr\/?cat=14\" rel=\"category\">RU<\/a><\/p>\t\t\t\t<p class=\"post-item-title\"><a href=\"https:\/\/www.club-lorient-queven-sport-canin.fr\/?p=9261\" rel=\"bookmark\" title=\"Permalink to Epreuves RU &#8211; 19 et 20 Septembre 2026\">Epreuves RU &#8211; 19 et 20 Septembre 2026<\/a><\/p>\r\n\t\t\t\t<p class=\"post-item-date\">2 F\u00e9v, 2026<\/p>\t\t\t<\/div>\r\n\r\n\t\t<\/li>\r\n\t\t\t\t<li>\r\n\r\n\t\t\t\t\t\t<div class=\"post-item-thumbnail\">\r\n\t\t\t\t<a href=\"https:\/\/www.club-lorient-queven-sport-canin.fr\/?p=9220\">\r\n\t\t\t\t\t<img loading=\"lazy\" decoding=\"async\" width=\"520\" height=\"245\" src=\"https:\/\/www.club-lorient-queven-sport-canin.fr\/wp-content\/uploads\/2026\/01\/Absence-en-attendant-lenquete-520x245.jpg\" class=\"attachment-thumb-medium size-thumb-medium wp-post-image\" alt=\"\" \/>\t\t\t\t\t\t\t\t\t\t\t\t\t\t\t\t\t\t\t<\/a>\r\n\t\t\t<\/div>\r\n\t\t\t\r\n\t\t\t<div class=\"post-item-inner group\">\r\n\t\t\t\t<p class=\"post-item-category\"><a href=\"https:\/\/www.club-lorient-queven-sport-canin.fr\/?cat=5\" rel=\"category\">R\u00e9sultat<\/a> \/ <a href=\"https:\/\/www.club-lorient-queven-sport-canin.fr\/?cat=14\" rel=\"category\">RU<\/a><\/p>\t\t\t\t<p class=\"post-item-title\"><a href=\"https:\/\/www.club-lorient-queven-sport-canin.fr\/?p=9220\" rel=\"bookmark\" title=\"Permalink to Regez s\u00e9lectionn\u00e9e Coupe de France RU\">Regez s\u00e9lectionn\u00e9e Coupe de France RU<\/a><\/p>\r\n\t\t\t\t<p class=\"post-item-date\">15 Jan, 2026<\/p>\t\t\t<\/div>\r\n\r\n\t\t<\/li>\r\n\t\t\t\t<li>\r\n\r\n\t\t\t\t\t\t<div class=\"post-item-thumbnail\">\r\n\t\t\t\t<a href=\"https:\/\/www.club-lorient-queven-sport-canin.fr\/?p=8535\">\r\n\t\t\t\t\t<img loading=\"lazy\" decoding=\"async\" width=\"520\" height=\"245\" src=\"https:\/\/www.club-lorient-queven-sport-canin.fr\/wp-content\/uploads\/2024\/03\/434054973_933001365283068_1880697546897866536_n-520x245.jpg\" class=\"attachment-thumb-medium size-thumb-medium wp-post-image\" alt=\"\" \/>\t\t\t\t\t\t\t\t\t\t\t\t\t\t\t\t\t\t\t<\/a>\r\n\t\t\t<\/div>\r\n\t\t\t\r\n\t\t\t<div class=\"post-item-inner group\">\r\n\t\t\t\t<p class=\"post-item-category\"><a href=\"https:\/\/www.club-lorient-queven-sport-canin.fr\/?cat=11\" rel=\"category\">Mordant Sportif<\/a> \/ <a href=\"https:\/\/www.club-lorient-queven-sport-canin.fr\/?cat=5\" rel=\"category\">R\u00e9sultat<\/a> \/ <a href=\"https:\/\/www.club-lorient-queven-sport-canin.fr\/?cat=14\" rel=\"category\">RU<\/a> \/ <a href=\"https:\/\/www.club-lorient-queven-sport-canin.fr\/?cat=13\" rel=\"category\">Sauvetage \u00e0 l'eau<\/a><\/p>\t\t\t\t<p class=\"post-item-title\"><a href=\"https:\/\/www.club-lorient-queven-sport-canin.fr\/?p=8535\" rel=\"bookmark\" title=\"Permalink to R\u00e9sultats Week end 20 -21 et 27-28 Avril\">R\u00e9sultats Week end 20 -21 et 27-28 Avril<\/a><\/p>\r\n\t\t\t\t<p class=\"post-item-date\">29 Avr, 2024<\/p>\t\t\t<\/div>\r\n\r\n\t\t<\/li>\r\n\t\t\t\t<li>\r\n\r\n\t\t\t\t\t\t<div class=\"post-item-thumbnail\">\r\n\t\t\t\t<a href=\"https:\/\/www.club-lorient-queven-sport-canin.fr\/?p=8461\">\r\n\t\t\t\t\t        <svg class=\"hu-svg-placeholder thumb-medium-empty\" id=\"69f9acf760389\" viewBox=\"0 0 1792 1792\" xmlns=\"http:\/\/www.w3.org\/2000\/svg\"><path d=\"M928 832q0-14-9-23t-23-9q-66 0-113 47t-47 113q0 14 9 23t23 9 23-9 9-23q0-40 28-68t68-28q14 0 23-9t9-23zm224 130q0 106-75 181t-181 75-181-75-75-181 75-181 181-75 181 75 75 181zm-1024 574h1536v-128h-1536v128zm1152-574q0-159-112.5-271.5t-271.5-112.5-271.5 112.5-112.5 271.5 112.5 271.5 271.5 112.5 271.5-112.5 112.5-271.5zm-1024-642h384v-128h-384v128zm-128 192h1536v-256h-828l-64 128h-644v128zm1664-256v1280q0 53-37.5 90.5t-90.5 37.5h-1536q-53 0-90.5-37.5t-37.5-90.5v-1280q0-53 37.5-90.5t90.5-37.5h1536q53 0 90.5 37.5t37.5 90.5z\"\/><\/svg>\r\n         <img decoding=\"async\" class=\"hu-img-placeholder\" src=\"https:\/\/www.club-lorient-queven-sport-canin.fr\/wp-content\/themes\/hueman\/assets\/front\/img\/thumb-medium-empty.png\" alt=\"Un week-end de r\u00e9sultats\" data-hu-post-id=\"69f9acf760389\" \/>\t\t\t\t\t\t\t\t\t\t\t\t\t\t\t\t\t\t\t<\/a>\r\n\t\t\t<\/div>\r\n\t\t\t\r\n\t\t\t<div class=\"post-item-inner group\">\r\n\t\t\t\t<p class=\"post-item-category\"><a href=\"https:\/\/www.club-lorient-queven-sport-canin.fr\/?cat=11\" rel=\"category\">Mordant Sportif<\/a> \/ <a href=\"https:\/\/www.club-lorient-queven-sport-canin.fr\/?cat=5\" rel=\"category\">R\u00e9sultat<\/a> \/ <a href=\"https:\/\/www.club-lorient-queven-sport-canin.fr\/?cat=14\" rel=\"category\">RU<\/a><\/p>\t\t\t\t<p class=\"post-item-title\"><a href=\"https:\/\/www.club-lorient-queven-sport-canin.fr\/?p=8461\" rel=\"bookmark\" title=\"Permalink to Un week-end de r\u00e9sultats\">Un week-end de r\u00e9sultats<\/a><\/p>\r\n\t\t\t\t<p class=\"post-item-date\">26 Mar, 2024<\/p>\t\t\t<\/div>\r\n\r\n\t\t<\/li>\r\n\t\t\t\t    \t<\/ul><!--\/.alx-posts-->\r\n\r\n\n\t\t<\/div>\n\t\t\t\t<\/div>\n\t\t\t\t\t\t<\/div>\n\t\t\t\t\t<\/div>\n\t\t<\/div>\n\t\t\t\t\t\t\t\t<\/div>\n\t\t\t\t\t<\/div>\n\t\t<\/section>\n\t\t\t\t\t\t<\/div>\n\t\t\t\t\t\t<\/div>\n\t\t\t\t\t<\/div>\n\t\t","protected":false},"excerpt":{"rendered":"<p>La Recherche Utilitaire Discipline dont l&rsquo;objectif est de retrouver une personne \u00e9gar\u00e9e en utilisant les qualit\u00e9s olfactives des chiens dans toutes les conditions, de terrains, m\u00e9t\u00e9orologiques, atmosph\u00e9riques.L&rsquo;\u00e9quipe ma\u00eetre et chien recueillera quelques indications d&rsquo;un&#46;&#46;&#46;<\/p>\n","protected":false},"author":1,"featured_media":0,"parent":0,"menu_order":0,"comment_status":"closed","ping_status":"closed","template":"","meta":{"footnotes":""},"class_list":["post-86","page","type-page","status-publish","hentry"],"_links":{"self":[{"href":"https:\/\/www.club-lorient-queven-sport-canin.fr\/index.php?rest_route=\/wp\/v2\/pages\/86","targetHints":{"allow":["GET"]}}],"collection":[{"href":"https:\/\/www.club-lorient-queven-sport-canin.fr\/index.php?rest_route=\/wp\/v2\/pages"}],"about":[{"href":"https:\/\/www.club-lorient-queven-sport-canin.fr\/index.php?rest_route=\/wp\/v2\/types\/page"}],"author":[{"embeddable":true,"href":"https:\/\/www.club-lorient-queven-sport-canin.fr\/index.php?rest_route=\/wp\/v2\/users\/1"}],"replies":[{"embeddable":true,"href":"https:\/\/www.club-lorient-queven-sport-canin.fr\/index.php?rest_route=%2Fwp%2Fv2%2Fcomments&post=86"}],"version-history":[{"count":8,"href":"https:\/\/www.club-lorient-queven-sport-canin.fr\/index.php?rest_route=\/wp\/v2\/pages\/86\/revisions"}],"predecessor-version":[{"id":5944,"href":"https:\/\/www.club-lorient-queven-sport-canin.fr\/index.php?rest_route=\/wp\/v2\/pages\/86\/revisions\/5944"}],"wp:attachment":[{"href":"https:\/\/www.club-lorient-queven-sport-canin.fr\/index.php?rest_route=%2Fwp%2Fv2%2Fmedia&parent=86"}],"curies":[{"name":"wp","href":"https:\/\/api.w.org\/{rel}","templated":true}]}}